digit of 764?
4
What is the thousands digit of 1861?
1
What is the ten thousands digit of 48214?
4
What is the thousands digit of 5380?
5
What is the ten thousands digit of 87581?
8
What is the units digit of 1886?
6
What is the hundreds digit of 827?
8
What is the tens digit of 10520?
2
What is the hundreds digit of 1085?
0
What is the hundreds digit of 1016?
0
What is the thousands digit of 1829?
1
What is the tens digit of 1229?
2
What is the thousands digit of 1057?
1
What is the tens digit of 3382?
8
What is the units digit of 248?
8
What is the thousands digit of 28593?
8
What is the units digit of 1496?
6
What is the hundreds digit of 18310?
3
What is the units digit of 67251?
1
What is the thousands digit of 14153?
4
What is the thousands digit of 40702?
0
What is the thousands digit of 6626?
6
What is the tens digit of 37809?
0
What is the units digit of 432?
2
What is the hundreds digit of 27677?
6
What is the hundreds digit of 259?
2
What is the tens digit of 10362?
6
What is the units digit of 264?
4
What is the units digit of 3292?
2
What is the hundreds digit of 7064?
0
What is the tens digit of 5340?
4
What is the thousands digit of 1217?
1
What is the units digit of 9751?
1
What is the tens digit of 14095?
9
What is the units digit of 1643?
3
What is the hundreds digit of 2445?
4
What is the ten thousands digit of 25710?
2
What is the tens digit of 1308?
0
What is the hundreds digit of 6735?
7
What is the ten thousands digit of 53922?
5
What is the thousands digit of 25069?
5
What is the ten thousands digit of 96268?
9
What is the tens digit of 9143?
4
What is the units digit of 479?
9
What is the hundreds digit of 103813?
8
What is the hundreds digit of 6105?
1
What is the thousands digit of 60995?
0
What is the tens digit of 190011?
1
What is the hundreds digit of 28877?
8
What is the ten thousands digit of 84922?
8
What is the tens digit of 998?
9
What is the hundreds digit of 5797?
7
What is the units digit of 78346?
6
What is the hundreds digit of 869?
8
What is the tens digit of 55802?
0
What is the tens digit of 10318?
1
What is the tens digit of 349?
4
What is the hundreds digit of 6416?
4
What is the thousands digit of 24600?
4
What is the tens digit of 9635?
3
What is the units digit of 15160?
0
What is the hundreds digit of 199148?
1
What is the units digit of 1054?
4
What is the thousands digit of 148818?
8
What is the hundreds digit of 200?
2
What is the thousands digit of 8525?
8
What is the tens digit of 327?
2
What is the hundreds digit of 15857?
8
What is the ten thousands digit of 21341?
2
What is the tens digit of 863?
6
What is the hundreds digit of 1545?
5
What is the tens digit of 47332?
3
What is the hundreds digit of 648?
6
What is the hundreds digit of 751?
7
What is the units digit of 3273?
3
What is the units digit of 3953?
3
What is the units digit of 8664?
4
What is the hundreds digit of 1684?
6
What is the thousands digit of 6440?
6
What is the hundreds digit of 6590?
5
What is the units digit of 8418?
8
What is the units digit of 3732?
2
What is the tens digit of 11394?
9
What is the hundreds digit of 2768?
7
What is the units digit of 19114?
4
What is the units digit of 713?
3
What is the units digit of 41?
1
What is the thousands digit of 25432?
5
What is the units digit of 58?
8
What is the hundreds digit of 23473?
4
What is the tens digit of 2362?
6
What is the hundreds digit of 2864?
8
What is the thousands digit of 1862?
1
What is the thousands digit of 2836?
2
What is the units digit of 253?
3
What is the tens digit of 1232?
3
What is the units digit of 369?
9
What is the ten thousands digit of 18842?
1
What is the hundreds digit of 89802?
8
What is the tens digit of 9879?
7
What is the ten thousands digit of 32738?
3
What is the units digit of 18013?
3
What is the thousands digit of 3224?
3
What is the units digit of 1291?
1
What is the hundreds digit of 4420?
4
What is the hundreds digit of 5216?
2
What is the units digit of 412?
2
What is the hundreds digit of 266?
2
What is the hundreds digit of 6731?
7
What is the ten thousands digit of 10592?
1
What is the hundreds digit of 2602?
6
What is the hundreds digit of 2719?
7
What is the thousands digit of 41444?
1
What is the tens digit of 7566?
6
What is the hundreds digit of 5591?
5
What is the units digit of 48967?
7
What is the units digit of 1585?
5
What is the ten thousands digit of 48909?
4
What is the thousands digit of 2557?
2
What is the hundreds digit of 21745?
7
What is the hundreds digit of 5370?
3
What is the tens digit of 87558?
5
What is the thousands digit of 20845?
0
What is the tens digit of 3257?
5
What is the hundreds digit of 2889?
8
What is the tens digit of 15686?
8
What is the hundreds digit of 3769?
7
What is the hundreds digit of 1059?
0
What is the hundreds digit of 1084?
0
What is the units digit of 4148?
8
What is the tens digit of 19465?
6
What is the thousands digit of 4611?
4
What is the units digit of 636?
6
What is the units digit of 1644?
4
What is the units digit of 3444?
4
What is the units digit of 19375?
5
What is the thousands digit of 1113?
1
What is the tens digit of 4160?
6
What is the units digit of 3591?
1
What is the ten thousands digit of 32443?
3
What is the thousands digit of 1183?
1
What is the tens digit of 5291?
9
What is the tens digit of 3194?
9
What is the thousands digit of 9604?
9
What is the thousands digit of 146767?
6
What is the units digit of 3965?
5
What is the hundreds digit of 5615?
6
What is the tens digit of 15243?
4
What is the units digit of 9964?
4
What is the units digit of 8442?
2
What is the units digit of 1092?
2
What is the hundreds digit of 15030?
0
What is the ten thousands digit of 39393?
3
What is the thousands digit of 12568?
2
What is the ten thousands digit of 12611?
1
What is the hundreds digit of 1312?
3
What is the units digit of 6267?
7
What is the units digit of 3720?
0
What is the hundreds digit of 18489?
4
What is the units digit of 20951?
1
What is the tens digit of 191478?
7
What is the hundreds digit of 8122?
1
What is the thousands digit of 13017?
3
What is the tens digit of 4528?
2
What is the thousands digit of 7152?
7
What is the units digit of 1830?
0
What is the ten thousands digit of 77825?
7
What is the tens digit of 2706?
0
What is the tens digit of 967?
6
What is the hundreds digit of 1690?
6
What is the hundreds digit of 7233?
2
What is the units digit of 55561?
1
What is the hundreds digit of 18528?
5
What is the units digit of 89191?
1
What is the tens digit of 278?
7
What is the thousands digit of 13903?
3
What is the units digit of 12605?
5
What is the tens digit of 2039?
3
What is the tens digit of 18780?
8
What is the units digit of 37441?
1
What is the units digit of 142?
2
What is the units digit of 8006?
6
What is the tens digit of 2322?
2
What is the tens digit of 92094?
9
What is the hundreds digit of 9393?
3
What is the hundreds digit of 3665?
6
What is the hundreds digit of 391?
3
What is the hundreds digit of 794?
7
What is the tens digit of 1112?
1
What is the hundreds digit of 346?
3
What is the hundreds digit of 32635?
6
What is the thousands digit of 28280?
8
What is the tens digit of 859?
5
What is the hundreds digit of 30938?
9
What is the units digit of 45?
5
What is the thousands digit of 7985?
7
What is the hundreds digit of 1874?
8
What is the tens digit of 5422?
2
What is the tens digit of 8281?
8
What is the hundreds digit of 72897?
8
What is the ten thousands digit of 139138?
3
What is the hundreds digit of 19409?
4
What is the units digit of 18760?
0
What is the hundreds digit of 433?
4
What is the ten thousands digit of 114898?
1
What is the thousands digit of 4306?
4
What is the units digit of 3822?
2
What is the units digit of 1145?
5
What is the tens digit of 2066?
6
What is the hundreds digit of 2256?
2
What is the ten thousands digit of 16672?
1
What is the tens digit of 177?
7
What is the thousands digit of 2007?
2
What is the tens digit of 5034?
3
What is the hundreds digit of 6278?
2
What is the tens digit of 98445?
4
What is the units digit of 28452?
2
What is the tens digit of 560?
6
What is the units digit of 58518?
8
What is the hundreds digit of 34492?
4
What is the hundreds digit of 1135?
1
